 15 and b.
15
Suppose 4*w - 2*w + 4*k = 4, 5*k = -2*w + 1. Suppose g - 124 = -2*q + 3, g + 65 = q. What is the highest common factor of w and q?
8
Let x be (-6)/(-21) + 86/(-7). Let w = x + 3. Let a = w - -18. Calculate the highest common divisor of 6 and a.
3
Let g = 2 - -7. Let u(k) = 18*k - 9. Let c be u(3). Calculate the highest common divisor of c and g.
9
Suppose c + 2 = 4. Suppose -5*n + 16 + 14 = 0. What is the highest common divisor of n and c?
2
Suppose -u + 0 = -2. Suppose -84 = -3*q - 2*b, u*q = -0*q - 4*b + 56. Let l(h) = h + 1. Let o be l(3). Calculate the highest common factor of q and o.
4
Let m = -22 - -40. Suppose -4*b = -2*b - 10. Suppose -2*c = -5*f + 41, -6*f + 2*f + b*c + 26 = 0. What is the highest common divisor of m and f?
9
Let d(x) be the second derivative of x**4/6 + x**3/2 - x**2 + 2*x. Let q be d(2). What is the greatest common factor of q and 30?
6
Let j(v) = v**3 + 6*v**2 + 2*v. Let x be j(-5). Calculate the highest common divisor of x and 135.
15
Let l be ((-3)/(-9))/(2/(-3))*-18. Suppose 0 = 2*i - 5 - 1. What is the greatest common factor of i and l?
3
Let r = -75 + 108. What is the highest common factor of r and 11?
11
Let f be -1 + 7/((-14)/(-12)). Suppose 67 = -f*t - 23. Let x = -6 - t. Calculate the highest common factor of 108 and x.
12
Suppose -2*z + 2*v - 4 = -32, 0 = -5*v - 15. What is the highest common divisor of 44 and z?
11
Let j be (-24)/(-9)*12/8. Calculate the greatest common factor of j and 44.
4
Let i(w) = -w**2 + 10*w - 1. Let g be i(7). What is the greatest common factor of 110 and g?
10
Suppose 390 - 195 = 3*p. What is the highest common factor of p and 39?
13
Let a = 118 - 23. Suppose -2*b = 2*b - 252. Let t = -44 + b. What is the highest common divisor of a and t?
19
Let r be (20/2)/1 + -1. What is the greatest common factor of 63 and r?
9
Suppose 1215 + 525 = 4*j. Suppose 3*o - 3*u = 162 + 75, 3*u = -5*o + j. What is the greatest common divisor of 12 and o?
12
Let w(t) = -6*t + 19. Let l be w(-17). Calculate the greatest common factor of l and 11.
11
Suppose 16 = 4*j + s + 3, -8 = j + 4*s. What is the greatest common factor of 16 and j?
4
Suppose 2*w + 7*w = 396. Let r = -9 - -20. What is the highest common factor of r and w?
11
Let j = -152 + 260. Let w be ((-4)/(-6))/(6/j). Let u be 3/w - 238/(-8). Calculate the greatest common divisor of u and 10.
10
Suppose -4*a + a + 2 = -2*m, 0 = 5*a - 5*m - 5. Suppose 2*h - 250 = -a. Calculate the greatest common factor of 50 and h.
25
Let k be 7 - -2*(-3)/(-6). Suppose 0 = -5*s + 152 + k. Let h(i) = -i**2 + 4*i + 4. Let l be h(4). What is the highest common divisor of l and s?
4
Let a = -2 - -29. Calculate the highest common factor of a and 216.
27
Let w = -21 - -30. Suppose 5*b + 6 = -w. Let u(l) = -4*l - 4. Let h be u(b). What is the greatest common divisor of h and 16?
8
Let t be (-3 - (-18)/(-8))*(-8)/3. What is the greatest common factor of t and 42?
14
Let j = -14 + 17. Let p(c) be the first derivative of -c**3/3 + 3*c**2/2 + 3*c - 2. Let t be p(j). What is the highest common divisor of 15 and t?
3
Let a = 27 - 20. Let r = 178 + -122. What is the highest common divisor of r and a?
7
Suppose 2*x = -5*d - 13, -2*d - 9 - 13 = -2*x. Calculate the greatest common divisor of x and 8.
2
Suppose -3*x + 2*x = 1, -4*k = 4*x - 4. What is the greatest common divisor of 14 and k?
2
Let c = 98 - 43. Calculate the highest common factor of 11 and c.
11
Let t be (18/15)/((-4)/(-50)). Let g = -417 + 166. Let j = -131 - g. Calculate the highest common divisor of t and j.
15
Suppose 637 + 23 = 4*f. Suppose 9 = 3*g, -4*u + 6*g = g - 45. What is the greatest common divisor of f and u?
15
Suppose 5*z - 18 = -o, 3*z - 5*o + 0 = 22. Suppose -4 = -4*c + z. What is the greatest common factor of 2 and c?
2
Suppose 5*z + 3*i - 26 = 0, -3*i + i = -3*z + 8. Calculate the highest common divisor of 6 and z.
2
Suppose -105 + 504 = 3*m. Let z = 349 - m. Suppose 3*y + 75 = 3*l, -2*l - 3*y + 17 + 28 = 0. Calculate the highest common factor of l and z.
24
Suppose 0 = -2*k + 31 - 11. What is the greatest common factor of 5 and k?
5
Let n(z) = 5*z + 7. Let y be n(4). Calculate the greatest common factor of 135 and y.
27
Suppose -3*u - 3*y + 1 = -2*y, -23 = u + 5*y. Let o(p) = 3*p - 4. Let q be (-57)/(-12) + 3/(-4). Let t be o(q). What is the highest common factor of u and t?
2
Let w(d) = d**3 + d**2 + 0*d**3 + 8 - 2*d**3 + 0*d**3. Let h be w(0). Calculate the highest common divisor of 56 and h.
8
Let s(m) = -m**3 + 91. Let f be s(0). Let n(x) = -x + 6*x**2 + 4*x + 0*x - x**3 - 5. Let g be n(6). What is the highest common factor of g and f?
13
Suppose t = 3 - 18. Let s = -10 - t. Calculate the greatest common divisor of s and 1.
1
Suppose 0*s + 5*s = 3*m + 10, -s = 3*m - 20. Let o be (m*-1)/(0 + -1). Suppose d + 32 = o*d. What is the greatest common factor of d and 4?
4
Let j be 608 + -1 + 1 + -4. Suppose 5*z - t = -3 + j, 0 = -3*z - 3*t + 357. Calculate the greatest common factor of 15 and z.
15
Suppose 5 = -0*o + o. Suppose -7*p = -5*s - 2*p - 65, -3*s - 3*p - 15 = 0. Let f = -4 - s. Calculate the greatest common divisor of f and o.
5
Let l(h) = -h**2 - 11*h - 3. Let j be l(-11). Let d be -6 + (-9)/j - -155. What is the highest common divisor of 19 and d?
19
Suppose -u + 0*u = 2. Let b be (9 + 1)*(-4)/u. Suppose 2*o = -2*d + 450, -d - 205 = -o + 2*d. Calculate the highest common divisor of b and o.
20
Suppose 6*z - 7 - 29 = 0. What is the highest common factor of 9 and z?
3
Let x(j) = 92*j + 1. Let v be x(5). Suppose 11 = -5*k + v. Calculate the greatest common divisor of k and 36.
18
Let w be 8 + -5 + (-1 - (1 + -48)). Calculate the greatest common divisor of 196 and w.
49
Suppose 0 = -4*p + 12. Suppose -p*g - 2*g = -605. What is the greatest common divisor of g and 11?
11
Let w(z) = 4*z - 10. Let h be w(5). Let f = h + -7. What is the greatest common divisor of 1 and f?
1
Let m(p) = p**3 - 10*p**2 + 10*p - 5. Let q be m(9). Suppose q*a = -0*a + 20. What is the greatest common divisor of a and 20?
5
Let a = -23 - -38. Let s = 212 + -107. Calculate the highest common factor of a and s.
15
Suppose 4 = -3*r + 28. Suppose -2*l = 3*f - 167, 3*f - 5 + 14 = 0. What is the highest common factor of l and r?
8
Suppose 3*u = -20 + 5. Let p(q) = -q**3 - 3*q**2 + 7*q - 1. Let n be p(u). Calculate the greatest common divisor of 112 and n.
14
Let u = -29 + 57. Let z be 1771/u - (-3)/(-12). Calculate the highest common factor of 9 and z.
9
Let l(u) = u**2 - 5*u - 10. Let i be l(8). Suppose g + b = 125, -2*g + 0*b + 2*b = -254. What is the highest common divisor of i and g?
14
Let q = 6 + 14. Suppose -4*s = -q, -4*l - 5*s + 42 + 299 = 0. Let p be l/7 + 4/(-14). Calculate the highest common factor of 99 and p.
11
Suppose 5*y - 1260 = -5*h, -2*h - 5*y = -431 - 79. Calculate the greatest common divisor of 10 and h.
10
Let q(d) be the second derivative of -5*d**3/6 - 4*d**2 - d. Let t be q(-6). Calculate the greatest common factor of 33 and t.
11
Suppose 0 = -l + 1 - 2, 0 = 5*f - 5*l - 55. What is the greatest common factor of f and 10?
10
Suppose 4*i + 45 - 149 = 0. Let v(x) be the second derivative of -8*x**3/3 + x**2/2 - 3*x. Let z be v(-4). What is the greatest common factor of i and z?
13
Let c be 1/(2*1/4). Let m(p) = -p**2 - 9*p + 10. Let i be m(-9). What is the greatest common factor of c and i?
2
Let i(h) = -h + 12. Let g(v) = v - 2. Let q be g(11). Let u be i(q). What is the greatest common divisor of 2 and u?
1
Suppose 12 - 70 = -2*k. What is the greatest common factor of k and 319?
29
Suppose -6 = u - j - 48, 9 = 3*j. Calculate the greatest common factor of u and 9.
9
Suppose 302 = -5*a + 22. Let y = -12 - a. Calculate the greatest common factor of 22 and y.
22
Let j(f) = -f**2 + 6*f - 3. Let g be j(4). Suppose -3*p = -0*s + 2*s - 37, -g*s = 2*p - 32. Calculate the greatest common divisor of p and 88.
11
Suppose 3*c + 4*n - 268 = 0, 3*n = 2*c - 2*n - 148. Let l be ((-2)/(-3))/((-2)/(-36)). Calculate the greatest common divisor of c and l.
12
Suppose 5*h + 46 = -k, -4*h - 3*k - 20 = 8. Let n = h + 18. Calculate the greatest common divisor of 20 and n.
4
Let y(t) = -2*t**2 + 4*t + 1. Let b be y(3). Let x = b + 7. Calculate the greatest common factor of 12 and x.
2
Let t be 4/(-16) + 